{"id":520,"date":"2015-02-16T15:34:07","date_gmt":"2015-02-16T14:34:07","guid":{"rendered":"http:\/\/www.dbsv.uninsubria.it\/dbsv\/?page_id=520"},"modified":"2019-03-25T11:56:56","modified_gmt":"2019-03-25T10:56:56","slug":"laboratorio-di-immunologia","status":"publish","type":"page","link":"https:\/\/www.dbsv.uninsubria.it\/dbsv\/?page_id=520","title":{"rendered":"Research Group of Immunology and General Pathology"},"content":{"rendered":"<p><strong style=\"font-size: large;\">Structured components<\/strong>:\u00a0<a href=\"https:\/\/www.uninsubria.it\/hpp\/douglas.noonan\" target=\"_blank\" rel=\"noopener noreferrer\"> <span style=\"font-size: large;\">Douglas M. Noonan<\/span><\/a><a href=\"http:\/\/www4.uninsubria.it\/on-line\/home\/rubrica\/home-page-docente.html?P1_m=P000465\">\u00a0<\/a> <span style=\"font-size: large;\">(Associate professor)<\/span>,<a href=\"http:\/\/www4.uninsubria.it\/on-line\/home\/rubrica\/home-page-personale.html?P1_m=P000466\" target=\"_blank\" rel=\"noopener noreferrer\">\u00a0<\/a><a href=\"https:\/\/www.uninsubria.it\/hpp\/lorenzo.mortara\" target=\"_blank\" rel=\"noopener noreferrer\"> <span style=\"font-size: large;\">Lorenzo Mortara<\/span><\/a><a href=\"http:\/\/www4.uninsubria.it\/on-line\/home\/rubrica\/home-page-docente.html?P1_m=P000547\">\u00a0<\/a> <span style=\"font-size: large;\">(Researcher)<\/span><\/p>\n<p><strong style=\"font-size: large;\">Current non-structured components<\/strong>: <span style=\"font-size: large;\">Teresa Rossi (PhD Student).<\/span><\/p>\n<h4><strong>Ongoing projects<\/strong>:<\/h4>\n<ul>\n<li>\n<h6>Study of tumor-host interaction and cross-talk between the tumor microenvironment and immune system<\/h6>\n<\/li>\n<li>\n<h6>Characterization and functional analysis of tumor infiltrating\u00a0natural killer (NK) cells in the context of different human tumors, such as NSCLC, colorectal, breast carcinomas, malignant pleural effusions, and multiple myeloma<\/h6>\n<\/li>\n<li>\n<h6>Study of tumor-induced polarization of pro-angiogenic NK cells in human cancers<\/h6>\n<\/li>\n<li>\n<h6>Evaluation of tumor-specific microRNA species in the serum as early diagnostic marker of lung carcinoma<\/h6>\n<\/li>\n<li>\n<h6>Study of the effect of carbon nanotubes on biological systems<\/h6>\n<\/li>\n<\/ul>\n<h4><strong>Internal, National and International Cooperation<\/strong><\/h4>\n<h4><strong>Internal collaborations<\/strong><\/h4>\n<ul>\n<li>\n<h6>Department of Medicine and Surgery<\/h6>\n<\/li>\n<\/ul>\n<h4><strong>National collaborations<\/strong>:<\/h4>\n<ul>\n<li>\n<h6><a href=\"http:\/\/www.unitn.it\/en\">MultiMedica IRCCS of Milan<\/a><\/h6>\n<\/li>\n<li>\n<h6><a href=\"http:\/\/portale.unibas.it\/site\/home.html\">IRCCS Arcispedale S. Maria Nuova, Reggio Emilia<\/a><\/h6>\n<\/li>\n<li>\n<h6><a href=\"http:\/\/www.unict.it\/en\/\">University of Messina<\/a><\/h6>\n<\/li>\n<li>\n<h6><a href=\"http:\/\/www.unipv.eu\/site\/en\/home.html\">Laboratory of Cell Biology, IRCCS, IST Genoa<\/a><\/h6>\n<\/li>\n<li>\n<h6><a href=\"http:\/\/www.osmotech.it\/ita\/Default.aspx\">Unit of Molecular Oncology and Angiogenesis, IRCCS, IST Genoa<\/a><\/h6>\n<\/li>\n<li>\n<h6>Laboratory of Hematology-Oncology, European Institute of Oncology, Milan, Italy<\/h6>\n<\/li>\n<\/ul>\n<h4><strong>International collaborations<\/strong>:<\/h4>\n<ul>\n<li>\n<h6>AG Klinische Biochemie \/ Proteolyse, Institut f\u00fcr Laboratoriumsmedizin, Klinikum der Universit\u00e4t M\u00fcnchen (LMU) M\u00fcnchen, Germany<\/h6>\n<\/li>\n<li>\n<h6>Angiogenesis Foundation, Boston MA, USA<\/h6>\n<\/li>\n<\/ul>\n<p style=\"text-align: center;\"><strong><a href=\"http:\/\/www.dbsv.uninsubria.it\/dbsv\/wp-content\/uploads\/2014\/10\/linea_arancio1.jpg\"><img loading=\"lazy\" decoding=\"async\" class=\"alignnone size-medium wp-image-57\" src=\"http:\/\/www.dbsv.uninsubria.it\/dbsv\/wp-content\/uploads\/2014\/10\/linea_arancio1-300x4.jpg\" alt=\"linea_arancio\" width=\"300\" height=\"4\" \/><\/a><\/strong><\/p>\n<h4 style=\"text-align: center;\"><strong>Papers<\/strong><\/h4>\n<h4 style=\"text-align: center;\"><strong>Year 2017<\/strong><\/h4>\n<ol>\n<li>Albini A, Bassani B, Baci D, Dallaglio K, Gallazzi M, Corradino P, Bruno A, Noonan DM. Nutraceuticals and &#8220;repurposed&#8221; drugs of phytochemical origin in prevention and interception of chronic degenerative disease and cancer. Curr Med Chem. 2017 Sep 20<\/li>\n<li>Balza E, Zanellato S, Poggi A, Reverberi D, Rubartelli A, Mortara L. The therapeutic T-cell response induced by tumor delivery of TNF and melphalan is dependent on early triggering of natural killer and dendritic cells. Eur J Immunol. 2017 Apr;47(4):743-753.<\/li>\n<li>Cristoni S, Dusi G, Brambilla P, Albini A, Conti M, Brambilla M, Bruno A, Di Gaudio F, Ferlin L, Tazzari V, Mengozzi S, Barera S, Sialer C, Trenti T, Cantu M, Rossi Bernardi L, Noonan DM. SANIST: optimization of a technology for compound identification based on the European Union directive with applications in forensic, pharmaceutical and food analyses. J Mass Spectrom. 2017; 52:16-21.<\/li>\n<li>Focaccetti, C., Bruno, A., Magnani, E., Bartolini, D., Principi, E., Dallaglio, K., Bucci, E.O., Finzi, G., Sessa, F., Noonan, D.M.<em>, et al.<\/em>\u00a0(2015). Effects of 5-Fluorouracil on Morphology, Cell Cycle, Proliferation, Apoptosis, Autophagy and ROS Production in Endothelial Cells and Cardiomyocytes. PLoS One<em>\u00a010<\/em>, e0115686.<\/li>\n<li>Mortara L, Benest AV, Bates DO, Noonan DM. Can the co-dependence of the immune system and angiogenesis facilitate pharmacological targeting of tumours? Curr Opin Pharmacol. 2017; 35:66-74.<\/li>\n<li>Nuti E, Bassani B, Camodeca C, Rosalia L, Cantelmo A, Gallo C, Baci D, Bruno A, Orlandini E, Nencetti S, Noonan DM, Albini A, Rossello A. Synthesis and antiangiogenic activity study of new hop chalcone Xanthohumol analogues. Eur J Med Chem. 2017; 138:890-9.<\/li>\n<\/ol>\n<h4 style=\"text-align: center;\"><strong>Year 2016<\/strong><\/h4>\n<ol>\n<li>Bassani B, Bartolini D, Pagani A, Principi E, Zollo M, Noonan DM, Albini A, Bruno A. Fenretinide (4-HPR) Targets Caspase-9, ERK 1\/2 and the Wnt3a\/beta-Catenin Pathway in Medulloblastoma Cells and Medulloblastoma Cell Spheroids. PLoS One. 2016; 11:e0154111.<\/li>\n<li>Bassani B, Rossi T, De Stefano D, Pizzichini D, Corradino P, Macr\u00ec N, Noonan DM, Albini A, Bruno A. Potential chemopreventive activities of a polyphenol rich purified extract from olive mill wastewater on colon cancer cells. Journal of Functional Foods. 2016; 27:236-48.<\/li>\n<li>Campomenosi P, Gini E, Noonan DM, Poli A, D&#8217;Antona P, Rotolo N, Dominioni L, Imperatori A. A comparison between quantitative PCR and droplet digital PCR technologies for circulating microRNA\u00a0quantification in human lung cancer. BMC Biotechnol. 2016; 16:60.<\/li>\n<li>Gallo C, Dallaglio K, Bassani B, Rossi T, Rossello A, Noonan DM, D&#8217;Uva G, Bruno A, Albini A. Hop derived flavonoid xanthohumol inhibits endothelial cell functions via AMPK activation. Oncotarget. 2016; 7:59917-31.<\/li>\n<li>Principi E, Girardello R, Bruno A, Manni I, Gini E, Pagani A, Grimaldi A, Ivaldi F, Congiu T, De Stefano D, Piaggio G, de Eguileor M, Noonan DM, Albini A. Systemic distribution of single-walled carbon nanotubes in a novel model: alteration of biochemical parameters, metabolic functions, liver accumulation, and inflammation in vivo. Int J Nanomedicine. 2016; 11:4299-316.<\/li>\n<li>Pulze L, Bassani B, Gini E, D&#8217;Antona P, Grimaldi A, Luini A, Marino F, Noonan DM, Tettamanti G, Valvassori R, de Eguileor M. NET amyloidogenic backbone in human activated neutrophils. Clin Exp Immunol. 2016; 183:469-79.<\/li>\n<li>Storti P, Marchica V, Airoldi I, Donofrio G, Fiorini E, Ferri V, Guasco D, Todoerti K, Silbermann R, Anderson JL, Zhao W, Agnelli L, Bolzoni M, Martella E, Mancini C, Campanini N, Noonan DM, Petronini PG, Neri A, Aversa F, Roodman GD, Giuliani N. Galectin-1 suppression delineates a new strategy to inhibit myeloma-induced angiogenesis and tumoral growth in vivo. Leukemia. 2016.<\/li>\n<li>Talarico G, Orecchioni S, Dallaglio K, Reggiani F, Mancuso P, Calleri A, Gregato G, Labanca V, Rossi T, Noonan DM, Albini A, Bertolini F. Aspirin and atenolol enhance metformin activity against breast cancer by targeting both neoplastic and microenvironment cells. Sci Rep. 2016; 6:18673.<\/li>\n<\/ol>\n<h4 style=\"text-align: center;\"><strong>Year 2015<\/strong><\/h4>\n<ol>\n<li>Albini A, Bertolini F, Bassani B, Bruno A, Gallo C, Caraffi SG, Maramotti S, Noonan DM. Biomarkers of cancer angioprevention for clinical studies. Ecancermedicalscience. 2015; 9:600.<\/li>\n<li>Albini A, Briga D, Conti M, Bruno A, Farioli D, Canali S, Sogno I, D&#8217;Ambrosio G, Consonni P, Noonan DM. SANIST: a rapid mass spectrometric SACI\/ESI data acquisition and elaboration platform for verifying potential candidate biomarkers. Rapid Commun Mass Spectrom. 2015; 29:1703-10.<\/li>\n<li>Albini A, Bruno A, Gallo C, Pajardi G, Noonan DM, Dallaglio K. Cancer stem cells and the tumor microenvironment: interplay in tumor heterogeneity. Connect Tissue Res. 2015; 56:414-25.<\/li>\n<li>Albini A, Cavuto S, Apolone G, Noonan DM. Strategies to Prevent &#8220;Bad Luck&#8221; in Cancer. J Natl Cancer Inst. 2015; 107.<\/li>\n<li>Albini A, Pagani A, Pulze L, Bruno A, Principi E, Congiu T, Gini E, Grimaldi A, Bassani B, De Flora S, de Eguileor M, Noonan DM. Environmental impact of multi-wall carbon nanotubes in a novel model of exposure: systemic distribution, macrophage accumulation, and amyloid deposition. Int J Nanomedicine. 2015; 10:6133-45.<\/li>\n<li>Astigiano S, Morini M, Damonte P, Fraternali Orcioni G, Cassanello M, Puglisi A, Noonan DM, Bronte V, Barbieri O. Transgenic mice overexpressing arginase 1 in monocytic cell lineage are affected by lympho-myeloproliferative disorders and disseminated intravascular coagulation. Carcinogenesis. 2015; 36:1354-62.<\/li>\n<li>Focaccetti C, Bruno A, Magnani E, Bartolini D, Principi E, Dallaglio K, Bucci EO, Finzi G, Sessa F, Noonan DM, Albini A. Effects of 5-Fluorouracil on Morphology, Cell Cycle, Proliferation, Apoptosis, Autophagy and ROS Production in Endothelial Cells and Cardiomyocytes. PLoS One. 2015; 10:e0115686.<\/li>\n<li>Lococo F, Paci M, Rapicetta C, Rossi T, Sancisi V, Braglia L, Cavuto S, Bisagni A, Bongarzone I, Noonan DM, Albini A, Maramotti S. Preliminary Evidence on the Diagnostic and Molecular Role of Circulating Soluble EGFR in Non-Small Cell Lung Cancer. Int J Mol Sci. 2015; 16:19612-30.<\/li>\n<li>Morandi F, Horenstein AL, Chillemi A, Quarona V, Chiesa S, Imperatori A, Zanellato S, Mortara L, Gattorno M, Pistoia V, Malavasi F. CD56brightCD16- NK Cells Produce Adenosine through a CD38-Mediated Pathway and Act as Regulatory Cells Inhibiting Autologous CD4+ T Cell Proliferation. J Immunol. 2015 Aug 1;195(3):965-72.<\/li>\n<li>Mortara L, Zanellato S, Bassani B, Imperatori A, Rotolo N, Dominioni L, Albini A, Noonan DM, Bruno A. Polarization of Tumor Infiltrating Leukocytes from Innate Immunity and their role in the Pro-angiogenic Phenotype in NSCLC. J Clin Cell Immunol. 2015; 6:312.<\/li>\n<li>Orecchioni S, Reggiani F, Talarico G, Mancuso P, Calleri A, Gregato G, Labanca V, Noonan DM, Dallaglio K, Albini A, Bertolini F. The biguanides metformin and phenformin inhibit angiogenesis, local and metastatic growth of breast cancer by targeting both neoplastic and microenvironment cells. Int J Cancer. 2015; 136:E534-44.<\/li>\n<li>Rossi T, Bassani B, Gallo C, Maramotti S, Noonan DM, Albini A, Bruno A. Effect of a Purified Extract of Olive Mill Waste Water on Endothelial Cell Proliferation, Apoptosis, Migration and Capillary-Like Structure in vitro and in vivo. J Bioanal Biomed. 2015; S12:006.<\/li>\n<\/ol>\n<h4 style=\"text-align: center;\"><strong>Year 2014<\/strong><\/h4>\n<ol>\n<li>Albini, A., Rosano, C., Angelini, G., Amaro, A., Esposito, A.I., Maramotti, S., Noonan, D.M., and Pfeffer, U. (2014). Exogenous hormonal regulation in breast cancer cells by phytoestrogens and endocrine disruptors. Curr Med Chem<em>\u00a021<\/em>, 1129-1145.<\/li>\n<li>Amaro, A.A., Esposito, A.I., Mirisola, V., Mehilli, A., Rosano, C., Noonan, D.M., Albini, A., Pfeffer, U., and Angelini, G. (2014). Endocrine disruptor agent nonyl phenol exerts an estrogen-like transcriptional activity on estrogen receptor positive breast cancer cells. Curr Med Chem<em>\u00a021<\/em>, 630-640.<\/li>\n<li>Bruno, A., Pagani, A., Pulze, L., Albini, A., Dallaglio, K., Noonan, D.M., and Mortara, L. (2014). Orchestration of angiogenesis by immune cells. Frontiers in oncology<em>\u00a04<\/em>, 131.<\/li>\n<li>Bruno, A., Pagani, A., Magnani, E., Rossi, T., Noonan, D.M., Cantelmo, A.R., and Albini, A. (2014). Inflammatory angiogenesis and the tumor microenvironment as targets for cancer therapy and prevention. Cancer Treat Res<em>\u00a0159<\/em>, 401-426.<\/li>\n<li>Bruno, A., Ferlazzo, G., Albini, A., and Noonan, D.M. (2014). A Think Tank of TINK\/TANKs: Tumor-Infiltrating\/Tumor-Associated Natural Killer Cells in Tumor Progression and Angiogenesis. J Natl Cancer Inst<em>\u00a0106<\/em>.<\/li>\n<li>Dallaglio, K., Bruno, A., Cantelmo, A.R., Esposito, A.I., Ruggiero, L., Orecchioni, S., Calleri, A., Bertolini, F., Pfeffer, U., Noonan, D.M.<em>, et al.<\/em>\u00a0(2014). Paradoxic effects of metformin on endothelial cells and angiogenesis. Carcinogenesis<em>\u00a035<\/em>, 1055-1066.<\/li>\n<li>Kronski, E., Fiori, M.E., Barbieri, O., Astigiano, S., Mirisola, V., Killian, P.H., Bruno, A., Pagani, A., Rovera, F., Pfeffer, U.<em>, et al.<\/em>\u00a0(2014). miR181b is induced by the chemopreventive polyphenol curcumin and inhibits breast cancer metastasis via down-regulation of the inflammatory cytokines CXCL1 and -2. Molecular oncology<em>\u00a08<\/em>, 581-595.<\/li>\n<li>Orecchioni, S., Reggiani, F., Talarico, G., Mancuso, P., Calleri, A., Gregato, G., Labanca, V., Noonan, D.M., Dallaglio, K., Albini, A.<em>, et al.<\/em>\u00a0(2014). The biguanides metformin and phenformin inhibit angiogenesis, local and metastatic growth of breast cancer by targeting both neoplastic and microenvironment cells. Int J Cancer.<\/li>\n<li>Vene, R., Cardinali, B., Arena, G., Ferrari, N., Benelli, R., Minghelli, S., Poggi, A., Noonan, D.M., Albini, A., and Tosetti, F. (2014). Glycogen synthase kinase 3 regulates cell death and survival signaling in tumor cells under redox stress. Neoplasia<em>\u00a016<\/em>, 710-722.<\/li>\n<\/ol>\n<h4 style=\"text-align: center;\"><strong>\u00a0\u00a0\u00a0 <\/strong><strong>Year 2013<\/strong><\/h4>\n<ol>\n<li>L. Mortara, P. Orecchia, P. Castellani, L. Borsi, B. Carnemolla, E. Balza (2013). Schedule-dependent therapeutic efficacy of L19mTNF-a and Melphalan combined with Gemcitabine. Cancer Med. 2(4):478-487.<\/li>\n<li>A. Imperatori, M. Castiglioni, L. Mortara, E. Nardecchia, N. Rotolo (2013). The challenge of prognostic markers in pleural mesothelioma. J Thorac Dis. 5(3):205-206.<\/li>\n<li>A. Bruno, C. Focaccetti, A. Pagani, A.S. Imperatori, M. Spagnoletti, N. Rotolo, A.R. Cantelmo, F. Franzi, C. Capella, G. Ferlazzo, L. Mortara, A. Albini, D.M. Noonan (2013). The proangiogenic phenotype of natural killer cells in patients with non-small cell lung cancer. Neoplasia. 15:133-142.<\/li>\n<li>Puccio, G., Brambilla, P., Conti, M., Bartolini, D., Noonan, D., and Albini, A. (2013). Surface-activated chemical ionization-electrospray mass spectrometry in the analysis of urinary thiodiglycolic acid. Rapid Commun Mass Spectrom<em>\u00a027<\/em>, 476-480.<\/li>\n<\/ol>\n<h3 style=\"text-align: center;\"><a href=\"http:\/\/www.dbsv.uninsubria.it\/dbsv\/wp-content\/uploads\/2015\/02\/PAPERS_ARCHIVE.pdf\" target=\"_blank\" rel=\"noopener noreferrer\">Papers Archive<\/a><\/h3>\n<h4 style=\"text-align: center;\"><a href=\"http:\/\/www.dbsv.uninsubria.it\/dbsv\/?page_id=2228\" target=\"_blank\" rel=\"noopener noreferrer\">Italiano<\/a><\/h4>\n","protected":false},"excerpt":{"rendered":"<p>Structured components:\u00a0 Douglas M. Noonan\u00a0 (Associate professor),\u00a0 Lorenzo Mortara\u00a0 (Researcher) Current non-structured components: Teresa Rossi (PhD Student). Ongoing projects: Study of tumor-host interaction and cross-talk between the tumor microenvironment and immune system Characterization and functional analysis of tumor infiltrating\u00a0natural killer (NK) cells in the context of different human tumors, such as NSCLC, colorectal, breast carcinomas, &hellip; <a href=\"https:\/\/www.dbsv.uninsubria.it\/dbsv\/?page_id=520\" class=\"more-link\">Continua a leggere <span class=\"screen-reader-text\">Research Group of Immunology and General Pathology<\/span><\/a><\/p>\n","protected":false},"author":1,"featured_media":0,"parent":0,"menu_order":0,"comment_status":"closed","ping_status":"closed","template":"","meta":{"footnotes":""},"class_list":["post-520","page","type-page","status-publish","hentry"],"_links":{"self":[{"href":"https:\/\/www.dbsv.uninsubria.it\/dbsv\/index.php?rest_route=\/wp\/v2\/pages\/520","targetHints":{"allow":["GET"]}}],"collection":[{"href":"https:\/\/www.dbsv.uninsubria.it\/dbsv\/index.php?rest_route=\/wp\/v2\/pages"}],"about":[{"href":"https:\/\/www.dbsv.uninsubria.it\/dbsv\/index.php?rest_route=\/wp\/v2\/types\/page"}],"author":[{"embeddable":true,"href":"https:\/\/www.dbsv.uninsubria.it\/dbsv\/index.php?rest_route=\/wp\/v2\/users\/1"}],"replies":[{"embeddable":true,"href":"https:\/\/www.dbsv.uninsubria.it\/dbsv\/index.php?rest_route=%2Fwp%2Fv2%2Fcomments&post=520"}],"version-history":[{"count":26,"href":"https:\/\/www.dbsv.uninsubria.it\/dbsv\/index.php?rest_route=\/wp\/v2\/pages\/520\/revisions"}],"predecessor-version":[{"id":3830,"href":"https:\/\/www.dbsv.uninsubria.it\/dbsv\/index.php?rest_route=\/wp\/v2\/pages\/520\/revisions\/3830"}],"wp:attachment":[{"href":"https:\/\/www.dbsv.uninsubria.it\/dbsv\/index.php?rest_route=%2Fwp%2Fv2%2Fmedia&parent=520"}],"curies":[{"name":"wp","href":"https:\/\/api.w.org\/{rel}","templated":true}]}}