{"id":40,"date":"2018-02-05T10:53:42","date_gmt":"2018-02-05T10:53:42","guid":{"rendered":"https:\/\/biotecnologiemicrobiche.wordpress.com\/?page_id=40"},"modified":"2025-03-20T10:31:58","modified_gmt":"2025-03-20T09:31:58","slug":"links-and-collaboration","status":"publish","type":"page","link":"https:\/\/www.dbsv.uninsubria.it\/microbiotec\/?page_id=40","title":{"rendered":"Links and Collaborations"},"content":{"rendered":"<div class=\"entry-content\">\n<p style=\"text-align: justify;\">Member of:<\/p>\n<ul style=\"text-align: justify;\">\n<li><a href=\"https:\/\/www.batcenter.it\/\">BAT Center &#8211; Center for Studies on Bioinspired Agro-environmental Technology<\/a><\/li>\n<li><a href=\"http:\/\/www.cibiotech.it\/\" target=\"_blank\" rel=\"noopener noreferrer\">Consorzio Interuniversitario per le Biotecnologie<\/a> (CIB)<\/li>\n<li><a href=\"http:\/\/www.italbiotec.it\/\">CONSORZIO ITALBIOTEC<\/a><\/li>\n<li>\n<div><a href=\"http:\/\/www.simgbm.it\/\" target=\"_blank\" rel=\"noopener noreferrer\">Societ\u00e0 di Microbiologia Generale e Biotecnologie Microbiche (SIMGBM)<\/a><\/div>\n<\/li>\n<li>\n<div><a href=\"http:\/\/www.efb-central.org\/\" target=\"_blank\" rel=\"noopener noreferrer\">European Federation of Biotechnology<\/a><\/div>\n<\/li>\n<li>\n<div><a href=\"http:\/\/fems-microbiology.org\/\" target=\"_blank\" rel=\"noopener noreferrer\">FEMS<\/a><\/div>\n<\/li>\n<\/ul>\n<p style=\"text-align: justify;\">Present Italian collaborations:<\/p>\n<ul style=\"text-align: justify;\">\n<li>Prof. <a href=\"https:\/\/www.uninsubria.it\/hpp\/loredano.pollegioni\" target=\"_blank\" rel=\"noopener noreferrer\">Loredano Pollegioni<\/a>, DBSV, University of Insubria, Varese<\/li>\n<li>Prof. <a href=\"https:\/\/www.unimi.it\/it\/ugov\/person\/francesco-molinari\">Francesco Molinari<\/a>, DeFENS, University of Milan<\/li>\n<li>Dr. <a href=\"https:\/\/www.ricercaperlavita.it\/bioc-chem\/\">Fabrizio Beltrametti<\/a> at BioC-CheM Solutions Srl<\/li>\n<li>Prof.<a href=\"https:\/\/www.uninsubria.it\/hpp\/gianluca.tettamanti\"> Gianluca Tettamanti,<\/a> DBSV, University of Insubria, Varese<\/li>\n<li>Prof. <a href=\"https:\/\/www.uninsubria.it\/hpp\/giovanni-battista.bernardini\">Giovanni Bernardini<\/a>,\u00a0DBSV, University of Insubria, Varese<\/li>\n<li>Prof. <a href=\"https:\/\/archivio.uninsubria.it\/hpp\/enrico.caruso\">Enrico Caruso<\/a>, DBSV, University of Insubria Varese<\/li>\n<li>Dott.ssa <a href=\"https:\/\/www.unimib.it\/immacolata-serra\">Immacolata Serra<\/a>, Dipartimento di Biotecnologie e Bioscienze, Universit\u00e0 degli Studi di Milano Bicocca<\/li>\n<li>Prof. <a href=\"http:\/\/www.unimi.it\/chiedove\/schedaPersonaXML.jsp?matricola=16183\">Morena Casartelli<\/a>, Department of Bioscience, University of Milan<\/li>\n<li>Prof. <a href=\"https:\/\/www.unisalento.it\/scheda-utente\/-\/people\/pietro.alifano\">Pietro Alifano<\/a>, Prof.ssa <a href=\"https:\/\/www.unisalento.it\/scheda-utente\/-\/people\/adelfia.tala\">Adelfia Tal\u00e0<\/a> Dipartimento di Scienze e Tecnologie Biologiche ed Ambientali, University of Salento, Lecce<\/li>\n<li>Dr. <a href=\"http:\/\/cnr-it.academia.edu\/GCaruso\">Gabriella Caruso<\/a>, Consiglio Nazionale delle Ricerche (CNR),\u00a0Istituto per l&#8217;Ambiente Marino Costiero,\u00a0(IRBIM) CNR Messina<\/li>\n<li>Dr. <a href=\"http:\/\/meg.irsa.cnr.it\/\">Gianluca Corno<\/a>, Water Research Institute (CNR-IRSA), Verbania.<\/li>\n<li>Azienda MOGU s.r.l, Inarzo, Varese<\/li>\n<\/ul>\n<p style=\"text-align: justify;\">International collaborations:<\/p>\n<ul>\n<li>Prof. <a href=\"https:\/\/www.biochemie.tu-berlin.de\/\">Roderich Suessmuth<\/a>, Institut f\u00fcr Chemie, Technische Universit\u00e4t Berlin, Germany<\/li>\n<li>Prof. Dr. <a href=\"https:\/\/www.zhaw.ch\/de\/ueber-uns\/person\/sima\/\">Martin Sievers<\/a>,\u00a0School of Life Sciences and Facility Management, Zurich University of Applied Sciences,\u00a0Wa\u0308denswil, Switzerland<\/li>\n<li>Dr. <a href=\"https:\/\/www.jic.ac.uk\/people\/andrew-truman\/\">Andrew Truman<\/a>, Department of Molecular Microbiology, John Innes Centre, Norwich, UK<\/li>\n<li style=\"text-align: justify;\">Prof. <a href=\"https:\/\/ub.vscht.cz\/department\/staff\/branyik\">Tomas Brayink<\/a> Department of Biotechnology, University\u00a0of Chemistry and Technology, Prague, Czech Republic<\/li>\n<li style=\"text-align: justify;\">Prof. Dr. <a href=\"https:\/\/www.cebitec.uni-bielefeld.de\/~joern\">J\u00f6rn Kalinowski<\/a>, Microbial Genomics and Biotechnology Center for Biotechnology (CeBiTec) <span style=\"color: initial;\">Universit\u00e4t Bielefeld, Germany\u00a0<\/span><\/li>\n<li style=\"text-align: justify;\">Prof. <a href=\"https:\/\/www.jic.ac.uk\/people\/mervyn-bibb\/\">Mervyn Bibb<\/a>, Department of Molecular Microbiology, John Innes Centre, Norwich, UK<\/li>\n<li style=\"text-align: justify;\">Prof. <a href=\"https:\/\/www.ucm.es\/directorio?id=9941\">Mar\u00eda J. Hern\u00e1iz\u00a0Gomez-Degano<\/a>, Departamento de Qu\u00edmica Org\u00e1nica y Farmac\u00e9utica\u00a0Universidad Complutense de Madrid,\u00a0Madrid, Spain<\/li>\n<li style=\"text-align: justify;\">Dr. <a href=\"https:\/\/www.irb.hr\/eng\/About-RBI\/People\/Dusica-Vujaklija\">Du\u0161ica Vujaklija<\/a>, Division of Physical Chemistry, Ru\u0111er Bo\u0161kovi\u0107 Institute, Zagreb, Croatia<\/li>\n<li style=\"text-align: justify;\">Prof.\u00a0<a href=\"https:\/\/www.bf.uni-lj.si\/sl\/o-fakulteti\/zaposleni\/142\/mandi%C4%87-mulec-ines\">Ines Mandic-Mulec<\/a>,\u00a0Department of Food Science and Technology, University of Ljubljana, Ljubljana, Slovenia<\/li>\n<li style=\"text-align: justify;\">Prof. <a href=\"https:\/\/www.researchgate.net\/profile\/Victor-Fedorenko\">Victor Fedorenko<\/a>,\u00a0Department of Genetics and Biotechnology, Ivan Franko National University of Lviv, Ukraine<\/li>\n<li style=\"text-align: justify;\">Prof. <a href=\"https:\/\/ub.vscht.cz\/ustav\/zamestnanci\/patakova\">Petra Patakova<\/a>,\u00a0Department of Biotechnology, University of Chemistry and Technology Prague Technicka 5 CZ 16628 Prague 6 Czech Republic<\/li>\n<li>Dr. <a href=\"https:\/\/www.conicet.gov.ar\/new_scp\/detalle.php?id=24604&amp;datos_academicos=yes\">Mar\u00eda\u00a0<span class=\"x_mark2b77fwk7p\">Florencia<\/span> Del Papa,<\/a> Instituto de Biotecnolog\u00eda y Biolog\u00eda Molecular (IBBM) Facultad de Ciencias Exactas,\u00a0La Plata, Buenos Aires, Argentina<\/li>\n<li style=\"text-align: justify;\">Dr. <a href=\"https:\/\/www.belspo.be\/belspo\/BePoles\/scientist\/wilmotte_en.stm\">Annick Wilmotte<\/a>, Centre of Protein Engineering, Institute of Chemistry, University of Li\u00e8ge, Li\u00e8ge, Belgium<\/li>\n<\/ul>\n<\/div>\n\n\n<p><\/p>\n","protected":false},"excerpt":{"rendered":"<p>Member of: BAT Center &#8211; Center for Studies on Bioinspired Agro-environmental Technology Consorzio Interuniversitario per le Biotecnologie (CIB) CONSORZIO ITALBIOTEC Societ\u00e0 di Microbiologia Generale e Biotecnologie Microbiche (SIMGBM) European Federation of Biotechnology FEMS Present Italian collaborations: Prof. Loredano Pollegioni, DBSV, University of Insubria, Varese Prof. Francesco Molinari, DeFENS, University of Milan Dr. Fabrizio Beltrametti at [&hellip;]<\/p>\n","protected":false},"author":1,"featured_media":343,"parent":0,"menu_order":0,"comment_status":"closed","ping_status":"closed","template":"","meta":{"footnotes":""},"class_list":["post-40","page","type-page","status-publish","has-post-thumbnail","hentry"],"_links":{"self":[{"href":"https:\/\/www.dbsv.uninsubria.it\/microbiotec\/index.php?rest_route=\/wp\/v2\/pages\/40","targetHints":{"allow":["GET"]}}],"collection":[{"href":"https:\/\/www.dbsv.uninsubria.it\/microbiotec\/index.php?rest_route=\/wp\/v2\/pages"}],"about":[{"href":"https:\/\/www.dbsv.uninsubria.it\/microbiotec\/index.php?rest_route=\/wp\/v2\/types\/page"}],"author":[{"embeddable":true,"href":"https:\/\/www.dbsv.uninsubria.it\/microbiotec\/index.php?rest_route=\/wp\/v2\/users\/1"}],"replies":[{"embeddable":true,"href":"https:\/\/www.dbsv.uninsubria.it\/microbiotec\/index.php?rest_route=%2Fwp%2Fv2%2Fcomments&post=40"}],"version-history":[{"count":4,"href":"https:\/\/www.dbsv.uninsubria.it\/microbiotec\/index.php?rest_route=\/wp\/v2\/pages\/40\/revisions"}],"predecessor-version":[{"id":924,"href":"https:\/\/www.dbsv.uninsubria.it\/microbiotec\/index.php?rest_route=\/wp\/v2\/pages\/40\/revisions\/924"}],"wp:featuredmedia":[{"embeddable":true,"href":"https:\/\/www.dbsv.uninsubria.it\/microbiotec\/index.php?rest_route=\/wp\/v2\/media\/343"}],"wp:attachment":[{"href":"https:\/\/www.dbsv.uninsubria.it\/microbiotec\/index.php?rest_route=%2Fwp%2Fv2%2Fmedia&parent=40"}],"curies":[{"name":"wp","href":"https:\/\/api.w.org\/{rel}","templated":true}]}}